{"id":8175,"date":"2022-04-01T14:27:53","date_gmt":"2022-04-01T14:27:53","guid":{"rendered":"https:\/\/123shramba.si\/RAZVOJ\/planetzdravja.com\/trgovina\/?page_id=8175"},"modified":"2025-08-14T21:09:48","modified_gmt":"2025-08-14T21:09:48","slug":"splosni-pogoji-poslovanja","status":"publish","type":"page","link":"https:\/\/www.planetzdravja.com\/trgovina\/splosni-pogoji-poslovanja\/","title":{"rendered":"Splo\u0161ni pogoji poslovanja"},"content":{"rendered":"\t\t<div data-elementor-type=\"wp-page\" data-elementor-id=\"8175\" class=\"elementor elementor-8175\" data-elementor-post-type=\"page\">\n\t\t\t\t\t\t<section class=\"elementor-section elementor-top-section elementor-element elementor-element-4c8b788 elementor-section-boxed elementor-section-height-default elementor-section-height-default\" data-id=\"4c8b788\" data-element_type=\"section\" data-e-type=\"section\" data-settings=\"{&quot;background_background&quot;:&quot;classic&quot;,&quot;shape_divider_bottom&quot;:&quot;mountains&quot;}\">\n\t\t\t\t\t<div class=\"elementor-shape elementor-shape-bottom\" aria-hidden=\"true\" data-negative=\"false\">\n\t\t\t<svg xmlns=\"http:\/\/www.w3.org\/2000\/svg\" viewBox=\"0 0 1000 100\" preserveAspectRatio=\"none\">\n\t<path class=\"elementor-shape-fill\" opacity=\"0.33\" d=\"M473,67.3c-203.9,88.3-263.1-34-320.3,0C66,119.1,0,59.7,0,59.7V0h1000v59.7 c0,0-62.1,26.1-94.9,29.3c-32.8,3.3-62.8-12.3-75.8-22.1C806,49.6,745.3,8.7,694.9,4.7S492.4,59,473,67.3z\"\/>\n\t<path class=\"elementor-shape-fill\" opacity=\"0.66\" d=\"M734,67.3c-45.5,0-77.2-23.2-129.1-39.1c-28.6-8.7-150.3-10.1-254,39.1 s-91.7-34.4-149.2,0C115.7,118.3,0,39.8,0,39.8V0h1000v36.5c0,0-28.2-18.5-92.1-18.5C810.2,18.1,775.7,67.3,734,67.3z\"\/>\n\t<path class=\"elementor-shape-fill\" d=\"M766.1,28.9c-200-57.5-266,65.5-395.1,19.5C242,1.8,242,5.4,184.8,20.6C128,35.8,132.3,44.9,89.9,52.5C28.6,63.7,0,0,0,0 h1000c0,0-9.9,40.9-83.6,48.1S829.6,47,766.1,28.9z\"\/>\n<\/svg>\t\t<\/div>\n\t\t\t\t\t<div class=\"elementor-container elementor-column-gap-default\">\n\t\t\t\t\t<div class=\"elementor-column elementor-col-100 elementor-top-column elementor-element elementor-element-a160e21\" data-id=\"a160e21\" data-element_type=\"column\" data-e-type=\"column\">\n\t\t\t<div class=\"elementor-widget-wrap elementor-element-populated\">\n\t\t\t\t\t\t\t<\/div>\n\t\t<\/div>\n\t\t\t\t\t<\/div>\n\t\t<\/section>\n\t\t\t\t<section class=\"elementor-section elementor-top-section elementor-element elementor-element-9b847db elementor-section-boxed elementor-section-height-default elementor-section-height-default\" data-id=\"9b847db\" data-element_type=\"section\" data-e-type=\"section\">\n\t\t\t\t\t\t<div class=\"elementor-container elementor-column-gap-default\">\n\t\t\t\t\t<div class=\"elementor-column elementor-col-100 elementor-top-column elementor-element elementor-element-ab6175a\" data-id=\"ab6175a\" data-element_type=\"column\" data-e-type=\"column\">\n\t\t\t<div class=\"elementor-widget-wrap elementor-element-populated\">\n\t\t\t\t\t\t<div class=\"elementor-element elementor-element-a9926a4 elementor-widget elementor-widget-text-editor\" data-id=\"a9926a4\" data-element_type=\"widget\" data-e-type=\"widget\" data-widget_type=\"text-editor.default\">\n\t\t\t\t<div class=\"elementor-widget-container\">\n\t\t\t\t\t\t\t\t\t<p>Splo\u0161ni pogoji poslovanja spletne trgovine kupca zavezujejo s trenutkom, ko vstopi v na\u0161o spletno trgovino. Splo\u0161ni pogoji so veljavni na vseh straneh spletne trgovine. V primeru, da se s splo\u0161nimi pogoji ne strinjate, prosimo, da nakupa ne opravite. \u0160teje se, da ste z vsakim ogledom ali s transakcijo, opravljeno prek na\u0161e elektronske trgovine, seznanjeni s celotno vsebino splo\u0161nih pogojev in ste v ponujene splo\u0161ne pogoje privolili brez omejitev.<\/p><p>Podjetje As An d.o.o., upravljalec spletnih strani in spletne trgovine www.planetzdravja.com, si pridr\u017euje pravico do kakr\u0161nihkoli sprememb, delnih ali v celoti, kateregakoli dela splo\u0161nih pogojev brez posebne najave.<\/p><p>Podjetje As An d.o.o. se zavezuje, da je poslovanje elektronske trgovine v skladu z vso veljavno zakonodajo.<\/p><p>Podjetje As An d.o.o. se ne zavezuje za pravilnost in popolnost podatkov na straneh elektronske trgovine, niti se ne zavezuje za pravilnost in popolnost tekstovnega, slikovnega ali zvo\u010dnega materiala.<\/p><p>Vsa komunikacija, ki se vr\u0161i med kupcem in podjetjem As An d.o.o. v elektronski obliki se \u0161teje, kot da je bila izvedena v pisni obliki in ima veljavo pogodbe.<\/p><p>Morebitni spori med strankami, ki izvirajo ali so v kakr\u0161nikoli povezavi s spletno trgovino se re\u0161ujejo sporazumno, v nasprotnem primeru je za re\u0161evanje spora pristojno sodi\u0161\u010de v Ljubljani.<\/p><p><strong>CENE<\/strong><\/p><p>Vse cene v spletni trgovini Planetzdravja.com so navedene v \u20ac (evro) in vklju\u010dujejo Davek na dodano vrednost (DDV).<\/p><p><strong>DAVEK<\/strong><\/p><p>DDV se obra\u010duna glede na dr\u017eavo EU, v katero kon\u010dni kupec uvozi blago. V primeru, da se kupljeno blago uvozi v dr\u017eavo, ki ni \u010dlanica EU se davek obra\u010duna glede na dr\u017eavo, v kateri je sede\u017e podjetja.\u00a0<\/p><p><strong>PLA\u010cILNI POGOJI<\/strong><\/p><p>Izdelke je mogo\u010de pla\u010dati v enkratnem znesku razen kjer je to izrecno navedeno druga\u010de.<\/p><p><strong>NA\u010cINI PLA\u010cEVANJA<\/strong><\/p><p>Kupec naro\u010deno blago pla\u010da z enim od naslednjih na\u010dinov: po predra\u010duni, po povzetju, s kreditno kartico ali pla\u010dilnim sistemom Paypal.<\/p><p><strong>PREKLIC ALI POPRAVEK NARO\u010cILA<\/strong><\/p><p>Stranka, ki je izvedla naro\u010dilo, lahko prekli\u010de izvedbo naro\u010dila ali popravek naro\u010dila. Za preklic ali popravek naro\u010dila po\u0161ljite obvestilo na e-naslov\u00a0<a href=\"mailto:eshop@planetzdravja.com\">eshop@planetzdravja.com<\/a> ali pokli\u010dite na tel. \u0161tevilko 080 88 10.<\/p><p><strong>ODSTOP OD POGODBE, REKLAMACIJE IN VRA\u010cILO BLAGA<\/strong><\/p><p>Kupec lahko na podlagi Zakona o varstvu potro\u0161nikov, pri naro\u010dilu na daljavo, v 15 dneh od prevzema blaga odstopi od pogodbe, ne da bi mu bilo treba navesti razlog za svojo odlo\u010ditev. Odstop se izvr\u0161i s poslano e-po\u0161to na <a href=\"mailto:eshop@planetzdravja.com\">eshop@planetzdravja.com<\/a>. Stro\u0161ek vra\u010dila blaga bremeni kupca. Blago je potrebno vrniti v roku 30 dni od odstopa od pogodbe. Blago mora biti vrnjeno nepo\u0161kodovano in v nespremenjeni koli\u010dini. Vra\u010dilo pla\u010dil bo izvedeno takoj, ko je to mogo\u010de, najkasneje pa v roku 30 dni od prejema vrnjenega blaga.<\/p><p>V primeru pri izdelkih ugotovljenih napak in mehanskih po\u0161kodbah, ki niso nastale kot posledica neprimernega ravnanja s strani kupca, se reklamacije upo\u0161tevajo. Vse ostale nepravilnosti oz. reklamacije skrbno re\u0161ujemo skupaj v sodelovanju s kupcem, na za njega najbolj\u0161i mo\u017eni na\u010din in re\u0161itev.<\/p><p>Reklamacije upo\u0161tevamo po prejemu pisnega ali ustnega obvestila v roku 14 dni po izvedenem naro\u010dilu na elektronskem naslovu <a href=\"mailto:eshop@planetzdravja.com\">eshop@planetzdravja.com<\/a> ali telefonski 080 88 10. Vra\u010dila blaga so mo\u017ena v 30 dneh od sporo\u010dila o odstopu od pogodbe s strani kupca.<\/p><p>V primeru ugotovljene reklamacije, stranki blago brezpla\u010dno in brez stro\u0161kov po\u0161tnine zamenjamo za enako ali pa si stranka izbere drugo blago. V primeru ko se kupec odlo\u010di menjati blago za drugo in je znesek novega blaga vi\u0161ji, mora kupec poravnati razliko v ceni. Ko je vrednost novega blaga manj\u0161a od vrednosti vrnjenega, se kupcu vrne razlika v ceni.<\/p><p><strong>DOSTAVA<\/strong><\/p><p>Naro\u010deno blago bo naro\u010dnik prejel v roku 10 delovnih dni po pla\u010dilu. V primeru morebitne zamude pri dobavi se kupca o tem obvesti po elektronski po\u0161ti ali telefonu. Izdelki bodo dostavljeni na naslov naveden v nakupnem postopku. Priporo\u010damo, da ob nakupu navedete telefonsko \u0161tevilko, na kateri boste dosegljivi v \u010dasu dostave.<\/p><p>Dostava naro\u010denega blaga se vr\u0161i preko Po\u0161te Slovenije ali dostavne slu\u017ebe GLS. V primeru pla\u010dila ob povzetju, so stro\u0161ki po\u0161tnine \u017ee vklju\u010deni v znesek odkupnine, Po\u0161ta Slovenije pa vam bo lo\u010deno zara\u010dunala provizijo za pla\u010dilo. Pla\u010dilo po\u0161iljke pla\u010date z gotovino ali s kreditno\/debetno kartico.<\/p><p><span lang=\"SL\">Glede lokacije po\u0161iljanja nimamo omejitev, razen seveda splo\u0161nih (torej dr\u017eav s katerimi je po\u0161tni promet ustavljen). <\/span>V primeru po\u0161iljanja blaga v tujino, pla\u010dilo po povzetju ni mo\u017eno. \u010cas dostave se lahko mo\u010dno podalj\u0161a zaradi razli\u010dnih uvozno\/izvoznih procedure ter kakovosti\/hitrosti po\u0161tne storitve.<\/p><p><strong>VARNOST PODATKOV<\/strong><\/p><p>Osebni podatki so vsi podatki, ki se nana\u0161ajo na dolo\u010denega ali dolo\u010dljivega posameznika, npr. ime, naslov, naslov elektronske po\u0161te, \u2026 Politika varstva osebnih podatkov podjetja AS AN d.o.o. je v celoti zapisana na spletni strani\u00a0<a href=\"https:\/\/www.planetzdravja.com\/pravilnik-o-zasebnosti\/\">www.planetzdravja.com\/pravilnik-o-zasebnosti\/<\/a>.<\/p>\t\t\t\t\t\t\t\t<\/div>\n\t\t\t\t<\/div>\n\t\t\t\t\t<\/div>\n\t\t<\/div>\n\t\t\t\t\t<\/div>\n\t\t<\/section>\n\t\t\t\t<\/div>\n\t\t","protected":false},"excerpt":{"rendered":"<p>Splo\u0161ni pogoji poslovanja spletne trgovine kupca zavezujejo s trenutkom, ko vstopi v na\u0161o spletno trgovino. Splo\u0161ni pogoji so veljavni na vseh straneh spletne trgovine. V primeru, da se s splo\u0161nimi pogoji ne strinjate, prosimo, da nakupa ne opravite. \u0160teje se, da ste z vsakim ogledom ali s transakcijo, opravljeno prek na\u0161e elektronske trgovine, seznanjeni s [&hellip;]<\/p>\n","protected":false},"author":1,"featured_media":0,"parent":0,"menu_order":0,"comment_status":"closed","ping_status":"closed","template":"","meta":{"site-sidebar-layout":"no-sidebar","site-content-layout":"page-builder","ast-site-content-layout":"default","site-content-style":"default","site-sidebar-style":"default","ast-global-header-display":"","ast-banner-title-visibility":"","ast-main-header-display":"","ast-hfb-above-header-display":"","ast-hfb-below-header-display":"","ast-hfb-mobile-header-display":"","site-post-title":"disabled","ast-breadcrumbs-content":"","ast-featured-img":"disabled","footer-sml-layout":"","ast-disable-related-posts":"","theme-transparent-header-meta":"","adv-header-id-meta":"","stick-header-meta":"","header-above-stick-meta":"","header-main-stick-meta":"","header-below-stick-meta":"","astra-migrate-meta-layouts":"default","ast-page-background-enabled":"default","ast-page-background-meta":{"desktop":{"background-color":"","background-image":"","background-repeat":"repeat","background-position":"center center","background-size":"auto","background-attachment":"scroll","background-type":"","background-media":"","overlay-type":"","overlay-color":"","overlay-opacity":"","overlay-gradient":""},"tablet":{"background-color":"","background-image":"","background-repeat":"repeat","background-position":"center center","background-size":"auto","background-attachment":"scroll","background-type":"","background-media":"","overlay-type":"","overlay-color":"","overlay-opacity":"","overlay-gradient":""},"mobile":{"background-color":"","background-image":"","background-repeat":"repeat","background-position":"center center","background-size":"auto","background-attachment":"scroll","background-type":"","background-media":"","overlay-type":"","overlay-color":"","overlay-opacity":"","overlay-gradient":""}},"ast-content-background-meta":{"desktop":{"background-color":"var(--ast-global-color-5)","background-image":"","background-repeat":"repeat","background-position":"center center","background-size":"auto","background-attachment":"scroll","background-type":"","background-media":"","overlay-type":"","overlay-color":"","overlay-opacity":"","overlay-gradient":""},"tablet":{"background-color":"var(--ast-global-color-5)","background-image":"","background-repeat":"repeat","background-position":"center center","background-size":"auto","background-attachment":"scroll","background-type":"","background-media":"","overlay-type":"","overlay-color":"","overlay-opacity":"","overlay-gradient":""},"mobile":{"background-color":"var(--ast-global-color-5)","background-image":"","background-repeat":"repeat","background-position":"center center","background-size":"auto","background-attachment":"scroll","background-type":"","background-media":"","overlay-type":"","overlay-color":"","overlay-opacity":"","overlay-gradient":""}},"footnotes":""},"class_list":["post-8175","page","type-page","status-publish","hentry"],"yoast_head":"<!-- This site is optimized with the Yoast SEO plugin v27.4 - https:\/\/yoast.com\/product\/yoast-seo-wordpress\/ -->\n<title>Splo\u0161ni pogoji poslovanja - Spletna trgovina<\/title>\n<meta name=\"robots\" content=\"index, follow, max-snippet:-1, max-image-preview:large, max-video-preview:-1\" \/>\n<link rel=\"canonical\" href=\"https:\/\/www.planetzdravja.com\/trgovina\/splosni-pogoji-poslovanja\/\" \/>\n<meta property=\"og:locale\" content=\"sl_SI\" \/>\n<meta property=\"og:type\" content=\"article\" \/>\n<meta property=\"og:title\" content=\"Splo\u0161ni pogoji poslovanja - Spletna trgovina\" \/>\n<meta property=\"og:description\" content=\"Splo\u0161ni pogoji poslovanja spletne trgovine kupca zavezujejo s trenutkom, ko vstopi v na\u0161o spletno trgovino. Splo\u0161ni pogoji so veljavni na vseh straneh spletne trgovine. V primeru, da se s splo\u0161nimi pogoji ne strinjate, prosimo, da nakupa ne opravite. \u0160teje se, da ste z vsakim ogledom ali s transakcijo, opravljeno prek na\u0161e elektronske trgovine, seznanjeni s [&hellip;]\" \/>\n<meta property=\"og:url\" content=\"https:\/\/www.planetzdravja.com\/trgovina\/splosni-pogoji-poslovanja\/\" \/>\n<meta property=\"og:site_name\" content=\"Spletna trgovina\" \/>\n<meta property=\"article:modified_time\" content=\"2025-08-14T21:09:48+00:00\" \/>\n<meta name=\"twitter:card\" content=\"summary_large_image\" \/>\n<meta name=\"twitter:label1\" content=\"Est. reading time\" \/>\n\t<meta name=\"twitter:data1\" content=\"5 minut\" \/>\n<script type=\"application\/ld+json\" class=\"yoast-schema-graph\">{\"@context\":\"https:\\\/\\\/schema.org\",\"@graph\":[{\"@type\":\"WebPage\",\"@id\":\"https:\\\/\\\/www.planetzdravja.com\\\/trgovina\\\/splosni-pogoji-poslovanja\\\/\",\"url\":\"https:\\\/\\\/www.planetzdravja.com\\\/trgovina\\\/splosni-pogoji-poslovanja\\\/\",\"name\":\"Splo\u0161ni pogoji poslovanja - Spletna trgovina\",\"isPartOf\":{\"@id\":\"https:\\\/\\\/www.planetzdravja.com\\\/trgovina\\\/#website\"},\"datePublished\":\"2022-04-01T14:27:53+00:00\",\"dateModified\":\"2025-08-14T21:09:48+00:00\",\"breadcrumb\":{\"@id\":\"https:\\\/\\\/www.planetzdravja.com\\\/trgovina\\\/splosni-pogoji-poslovanja\\\/#breadcrumb\"},\"inLanguage\":\"sl-SI\",\"potentialAction\":[{\"@type\":\"ReadAction\",\"target\":[\"https:\\\/\\\/www.planetzdravja.com\\\/trgovina\\\/splosni-pogoji-poslovanja\\\/\"]}]},{\"@type\":\"BreadcrumbList\",\"@id\":\"https:\\\/\\\/www.planetzdravja.com\\\/trgovina\\\/splosni-pogoji-poslovanja\\\/#breadcrumb\",\"itemListElement\":[{\"@type\":\"ListItem\",\"position\":1,\"name\":\"Home\",\"item\":\"https:\\\/\\\/www.planetzdravja.com\\\/trgovina\\\/\"},{\"@type\":\"ListItem\",\"position\":2,\"name\":\"Splo\u0161ni pogoji poslovanja\"}]},{\"@type\":\"WebSite\",\"@id\":\"https:\\\/\\\/www.planetzdravja.com\\\/trgovina\\\/#website\",\"url\":\"https:\\\/\\\/www.planetzdravja.com\\\/trgovina\\\/\",\"name\":\"Spletna trgovina\",\"description\":\"Napredna znanost narave\",\"publisher\":{\"@id\":\"https:\\\/\\\/www.planetzdravja.com\\\/trgovina\\\/#organization\"},\"potentialAction\":[{\"@type\":\"SearchAction\",\"target\":{\"@type\":\"EntryPoint\",\"urlTemplate\":\"https:\\\/\\\/www.planetzdravja.com\\\/trgovina\\\/?s={search_term_string}\"},\"query-input\":{\"@type\":\"PropertyValueSpecification\",\"valueRequired\":true,\"valueName\":\"search_term_string\"}}],\"inLanguage\":\"sl-SI\"},{\"@type\":\"Organization\",\"@id\":\"https:\\\/\\\/www.planetzdravja.com\\\/trgovina\\\/#organization\",\"name\":\"Spletna trgovina\",\"url\":\"https:\\\/\\\/www.planetzdravja.com\\\/trgovina\\\/\",\"logo\":{\"@type\":\"ImageObject\",\"inLanguage\":\"sl-SI\",\"@id\":\"https:\\\/\\\/www.planetzdravja.com\\\/trgovina\\\/#\\\/schema\\\/logo\\\/image\\\/\",\"url\":\"https:\\\/\\\/www.planetzdravja.com\\\/trgovina\\\/wp-content\\\/uploads\\\/sites\\\/2\\\/2022\\\/02\\\/vector-logo-shop-v2-1-1.png\",\"contentUrl\":\"https:\\\/\\\/www.planetzdravja.com\\\/trgovina\\\/wp-content\\\/uploads\\\/sites\\\/2\\\/2022\\\/02\\\/vector-logo-shop-v2-1-1.png\",\"width\":300,\"height\":68,\"caption\":\"Spletna trgovina\"},\"image\":{\"@id\":\"https:\\\/\\\/www.planetzdravja.com\\\/trgovina\\\/#\\\/schema\\\/logo\\\/image\\\/\"}}]}<\/script>\n<!-- \/ Yoast SEO plugin. -->","yoast_head_json":{"title":"Splo\u0161ni pogoji poslovanja - Spletna trgovina","robots":{"index":"index","follow":"follow","max-snippet":"max-snippet:-1","max-image-preview":"max-image-preview:large","max-video-preview":"max-video-preview:-1"},"canonical":"https:\/\/www.planetzdravja.com\/trgovina\/splosni-pogoji-poslovanja\/","og_locale":"sl_SI","og_type":"article","og_title":"Splo\u0161ni pogoji poslovanja - Spletna trgovina","og_description":"Splo\u0161ni pogoji poslovanja spletne trgovine kupca zavezujejo s trenutkom, ko vstopi v na\u0161o spletno trgovino. Splo\u0161ni pogoji so veljavni na vseh straneh spletne trgovine. V primeru, da se s splo\u0161nimi pogoji ne strinjate, prosimo, da nakupa ne opravite. \u0160teje se, da ste z vsakim ogledom ali s transakcijo, opravljeno prek na\u0161e elektronske trgovine, seznanjeni s [&hellip;]","og_url":"https:\/\/www.planetzdravja.com\/trgovina\/splosni-pogoji-poslovanja\/","og_site_name":"Spletna trgovina","article_modified_time":"2025-08-14T21:09:48+00:00","twitter_card":"summary_large_image","twitter_misc":{"Est. reading time":"5 minut"},"schema":{"@context":"https:\/\/schema.org","@graph":[{"@type":"WebPage","@id":"https:\/\/www.planetzdravja.com\/trgovina\/splosni-pogoji-poslovanja\/","url":"https:\/\/www.planetzdravja.com\/trgovina\/splosni-pogoji-poslovanja\/","name":"Splo\u0161ni pogoji poslovanja - Spletna trgovina","isPartOf":{"@id":"https:\/\/www.planetzdravja.com\/trgovina\/#website"},"datePublished":"2022-04-01T14:27:53+00:00","dateModified":"2025-08-14T21:09:48+00:00","breadcrumb":{"@id":"https:\/\/www.planetzdravja.com\/trgovina\/splosni-pogoji-poslovanja\/#breadcrumb"},"inLanguage":"sl-SI","potentialAction":[{"@type":"ReadAction","target":["https:\/\/www.planetzdravja.com\/trgovina\/splosni-pogoji-poslovanja\/"]}]},{"@type":"BreadcrumbList","@id":"https:\/\/www.planetzdravja.com\/trgovina\/splosni-pogoji-poslovanja\/#breadcrumb","itemListElement":[{"@type":"ListItem","position":1,"name":"Home","item":"https:\/\/www.planetzdravja.com\/trgovina\/"},{"@type":"ListItem","position":2,"name":"Splo\u0161ni pogoji poslovanja"}]},{"@type":"WebSite","@id":"https:\/\/www.planetzdravja.com\/trgovina\/#website","url":"https:\/\/www.planetzdravja.com\/trgovina\/","name":"Spletna trgovina","description":"Napredna znanost narave","publisher":{"@id":"https:\/\/www.planetzdravja.com\/trgovina\/#organization"},"potentialAction":[{"@type":"SearchAction","target":{"@type":"EntryPoint","urlTemplate":"https:\/\/www.planetzdravja.com\/trgovina\/?s={search_term_string}"},"query-input":{"@type":"PropertyValueSpecification","valueRequired":true,"valueName":"search_term_string"}}],"inLanguage":"sl-SI"},{"@type":"Organization","@id":"https:\/\/www.planetzdravja.com\/trgovina\/#organization","name":"Spletna trgovina","url":"https:\/\/www.planetzdravja.com\/trgovina\/","logo":{"@type":"ImageObject","inLanguage":"sl-SI","@id":"https:\/\/www.planetzdravja.com\/trgovina\/#\/schema\/logo\/image\/","url":"https:\/\/www.planetzdravja.com\/trgovina\/wp-content\/uploads\/sites\/2\/2022\/02\/vector-logo-shop-v2-1-1.png","contentUrl":"https:\/\/www.planetzdravja.com\/trgovina\/wp-content\/uploads\/sites\/2\/2022\/02\/vector-logo-shop-v2-1-1.png","width":300,"height":68,"caption":"Spletna trgovina"},"image":{"@id":"https:\/\/www.planetzdravja.com\/trgovina\/#\/schema\/logo\/image\/"}}]}},"lang":"sl","translations":{"sl":8175,"en":11265,"hr":13070},"pll_sync_post":[],"_links":{"self":[{"href":"https:\/\/www.planetzdravja.com\/trgovina\/wp-json\/wp\/v2\/pages\/8175","targetHints":{"allow":["GET"]}}],"collection":[{"href":"https:\/\/www.planetzdravja.com\/trgovina\/wp-json\/wp\/v2\/pages"}],"about":[{"href":"https:\/\/www.planetzdravja.com\/trgovina\/wp-json\/wp\/v2\/types\/page"}],"author":[{"embeddable":true,"href":"https:\/\/www.planetzdravja.com\/trgovina\/wp-json\/wp\/v2\/users\/1"}],"replies":[{"embeddable":true,"href":"https:\/\/www.planetzdravja.com\/trgovina\/wp-json\/wp\/v2\/comments?post=8175"}],"version-history":[{"count":47,"href":"https:\/\/www.planetzdravja.com\/trgovina\/wp-json\/wp\/v2\/pages\/8175\/revisions"}],"predecessor-version":[{"id":14955,"href":"https:\/\/www.planetzdravja.com\/trgovina\/wp-json\/wp\/v2\/pages\/8175\/revisions\/14955"}],"wp:attachment":[{"href":"https:\/\/www.planetzdravja.com\/trgovina\/wp-json\/wp\/v2\/media?parent=8175"}],"curies":[{"name":"wp","href":"https:\/\/api.w.org\/{rel}","templated":true}]}}